{"id":74,"date":"2023-01-20T14:48:01","date_gmt":"2023-01-20T14:48:01","guid":{"rendered":"http:\/\/farmacologia.ciq.uchile.cl\/?page_id=74"},"modified":"2024-05-30T14:19:35","modified_gmt":"2024-05-30T14:19:35","slug":"guillermo-diaz","status":"publish","type":"page","link":"https:\/\/farmacologia.ciq.uchile.cl\/?page_id=74","title":{"rendered":"Guillermo D\u00edaz"},"content":{"rendered":"\n<div class=\"wp-block-columns is-layout-flex wp-container-core-columns-is-layout-9d6595d7 wp-block-columns-is-layout-flex\">\n<div class=\"wp-block-column is-layout-flow wp-block-column-is-layout-flow\" style=\"flex-basis:50%\">\n<figure class=\"wp-block-image size-full is-resized\"><img loading=\"lazy\" decoding=\"async\" width=\"339\" height=\"451\" src=\"https:\/\/farmacologia.ciq.uchile.cl\/wp-content\/uploads\/2024\/05\/Foto-1-edited.jpg\" alt=\"\" class=\"wp-image-338\" style=\"width:313px;height:auto\" srcset=\"https:\/\/farmacologia.ciq.uchile.cl\/wp-content\/uploads\/2024\/05\/Foto-1-edited.jpg 339w, https:\/\/farmacologia.ciq.uchile.cl\/wp-content\/uploads\/2024\/05\/Foto-1-edited-225x300.jpg 225w\" sizes=\"auto, (max-width: 339px) 100vw, 339px\" \/><\/figure>\n<\/div>\n\n\n\n<div class=\"wp-block-column is-layout-flow wp-block-column-is-layout-flow\" style=\"flex-basis:50%\">\n<p class=\"has-black-color has-text-color has-link-color wp-elements-b2241fa7d618a6e62ddd93f5ae171d4a\" style=\"font-size:16px\">Profesor Titular<\/p>\n\n\n\n<p class=\"has-black-color has-text-color has-link-color wp-elements-fc9abf85982698c889f26e970aa73e61\" style=\"font-size:16px\">L\u00ednea de Investigaci\u00f3n:<\/p>\n\n\n\n<p class=\"has-black-color has-text-color has-link-color wp-elements-56fe9e26668b0e278e8e2af03785287a\" style=\"font-size:16px\">El laboratorio de farmacolog\u00eda molecular estudia los mecanismos moleculares, celulares y fisiol\u00f3gicos que conducen el desarrollo de fibrosis cardiaca reactiva. En el modelo in vivo estudiamos los mecanismos y efectos de la administraci\u00f3n de Angiotenina II que conducen al desarrollo de fibrosis cardiaca. En el modelo celular nos hemos centrado en el papel vital que cumplen los fibroblastos cardiacos, como principales elementos celulares responsables de los mecanismos asociados a la secreci\u00f3n de prote\u00ednas de la matriz extracelular (esencialmente col\u00e1genos), como principales elementos proteicos responsables y presentes en la fibrosis cardiaca. Hemos estudiado una amplia variedad de receptores presentes en los fibroblastos cardiacos y como su activaci\u00f3n por los respectivos agonistas, conducen a la secreci\u00f3n de prote\u00ednas de la matriz extracelular. Entre ellos destacamos a los receptores b2-adren\u00e9rgicos, B1 y B2 de cininas, RAT1 de Angiotensina II, TLR4, TGFbRI, CHEMR23, ALX, FPR2, etc. Tambi\u00e9n hemos estudiado procesos celulares (apoptosis, autofagia, estr\u00e9s de ret\u00edculo y \u00faltimamente senescencia celular), activados por los agonistas de los receptores indicados con anterioridad. Actualmente, estamos estudiando a las Resolvinas de las series D1 y E1, como posibles f\u00e1rmacos senol\u00edticos y\/o senost\u00e1ticos, con la finalidad de responder si ellos son capaces de modificar el secretoma proinflamatorio de las c\u00e9lulas senescentes; o si ellos son capaces de eliminar a las c\u00e9lulas senescentes.<\/p>\n\n\n\n<p class=\"has-black-color has-text-color has-link-color wp-elements-18e77f8c6369169957e71918775a2e1d\" style=\"font-size:16px\">Utilizamos t\u00e9cnicas de biolog\u00eda molecular, microscop\u00eda, qPCR y tenemos apoyo de proyectos FONDECYT.<\/p>\n\n\n\n<p class=\"has-black-color has-text-color has-link-color wp-elements-726e65e6c4063687ac7931f6e6c87975\" style=\"font-size:16px\">Docencia de Postgrado:<\/p>\n\n\n\n<p class=\"has-black-color has-text-color has-link-color wp-elements-d7700df27c2398769aaa9629bef11025\" style=\"font-size:16px\">Yo participo activamente en el programa de doctorado en farmacolog\u00eda, y pertenezco al comit\u00e9 acad\u00e9mico En cursos participo activamente en cursos del \u00e1rea cardiovascular. Acepto alumnos para unidades de investigaci\u00f3n, y he dirigido un n\u00famero significativo de tesis de doctorado.<\/p>\n\n\n\n<p class=\"has-black-color has-text-color has-link-color wp-elements-269652632d046f2d7e64f20f3ec6401f\" style=\"font-size:16px\">Colaboraciones Acad\u00e9micas:<\/p>\n\n\n\n<p class=\"has-black-color has-text-color has-link-color wp-elements-1c20c1547e8e98bd7a20e597ce44e1db\" style=\"font-size:16px\">Tengo colaboraciones con acad\u00e9micos de la Universidad de Chile. En particular con profesores de la Facultad de Ciencias Qu\u00edmicas y Farmac\u00e9uticas y con profesores de la Fac de Medicina. Adem\u00e1s tengo una estrecha y larga colaboraci\u00f3n con Profesores de la Universidad Aut\u00f3noma de Madrid, Espa\u00f1a.<\/p>\n<\/div>\n<\/div>\n\n\n\n<p><a href=\"https:\/\/uchile.cl\/portafolio-academico\/portafolio-academico\/academico\/13518\">Portafolio Acad\u00e9mico<\/a><\/p>\n","protected":false},"excerpt":{"rendered":"<p>Profesor Titular L\u00ednea de Investigaci\u00f3n: El laboratorio de farmacolog\u00eda molecular estudia los mecanismos moleculares, celulares y fisiol\u00f3gicos que conducen el desarrollo de fibrosis cardiaca reactiva. En el modelo in vivo estudiamos los mecanismos y efectos de la administraci\u00f3n de Angiotenina II que conducen al desarrollo de fibrosis cardiaca. En el modelo celular nos hemos centrado&hellip; <br \/> <a class=\"read-more\" href=\"https:\/\/farmacologia.ciq.uchile.cl\/?page_id=74\">Leer m\u00e1s<\/a><\/p>\n","protected":false},"author":2,"featured_media":0,"parent":0,"menu_order":0,"comment_status":"closed","ping_status":"closed","template":"","meta":{"footnotes":""},"class_list":["post-74","page","type-page","status-publish","hentry"],"_links":{"self":[{"href":"https:\/\/farmacologia.ciq.uchile.cl\/index.php?rest_route=\/wp\/v2\/pages\/74","targetHints":{"allow":["GET"]}}],"collection":[{"href":"https:\/\/farmacologia.ciq.uchile.cl\/index.php?rest_route=\/wp\/v2\/pages"}],"about":[{"href":"https:\/\/farmacologia.ciq.uchile.cl\/index.php?rest_route=\/wp\/v2\/types\/page"}],"author":[{"embeddable":true,"href":"https:\/\/farmacologia.ciq.uchile.cl\/index.php?rest_route=\/wp\/v2\/users\/2"}],"replies":[{"embeddable":true,"href":"https:\/\/farmacologia.ciq.uchile.cl\/index.php?rest_route=%2Fwp%2Fv2%2Fcomments&post=74"}],"version-history":[{"count":14,"href":"https:\/\/farmacologia.ciq.uchile.cl\/index.php?rest_route=\/wp\/v2\/pages\/74\/revisions"}],"predecessor-version":[{"id":339,"href":"https:\/\/farmacologia.ciq.uchile.cl\/index.php?rest_route=\/wp\/v2\/pages\/74\/revisions\/339"}],"wp:attachment":[{"href":"https:\/\/farmacologia.ciq.uchile.cl\/index.php?rest_route=%2Fwp%2Fv2%2Fmedia&parent=74"}],"curies":[{"name":"wp","href":"https:\/\/api.w.org\/{rel}","templated":true}]}}